rue
Is 13834 a composite number?
True
Is 91733 composite?
False
Is 27399 composite?
True
Is 14695 a composite number?
True
Is 3163 prime?
True
Is 42667 a composite number?
False
Is 163661 a composite number?
False
Is 20543 composite?
False
Is 350783 a prime number?
True
Is 646069 a composite number?
True
Is 105199 composite?
False
Is 33037 prime?
True
Is 58471 prime?
False
Is 19571 a prime number?
True
Is 85438 a composite number?
True
Is 28051 prime?
True
Is 35393 prime?
True
Is 7819 a composite number?
True
Is 195581 prime?
True
Is 27163 composite?
True
Is 522701 prime?
False
Is 11947 prime?
False
Is 62329 composite?
True
Is 42611 prime?
True
Is 23554 composite?
True
Is 13997 a prime number?
True
Is 16706 a composite number?
True
Is 15527 composite?
False
Is 59131 a prime number?
False
Is 1511 prime?
True
Is 74147 composite?
True
Is 33409 a prime number?
True
Is 271723 prime?
True
Is 3135731 composite?
False
Is 39901 a composite number?
False
Is 46217 composite?
True
Is 28369 a composite number?
True
Is 7237 prime?
True
Is 73637 prime?
True
Is 27134 prime?
False
Is 9899 a composite number?
True
Is 56326 a composite number?
True
Is 195319 composite?
False
Is 188913 prime?
False
Is 2134697 a prime number?
True
Is 5381 composite?
False
Is 2275187 composite?
False
Is 10573 composite?
True
Is 215123 a composite number?
False
Is 753931 a prime number?
True
Is 101663 prime?
True
Is 198421 a prime number?
False
Is 118603 a prime number?
True
Is 2903569 prime?
True
Is 5381 a prime number?
True
Is 25478 a composite number?
True
Is 901735 a prime number?
False
Is 2136661 a composite number?
False
Is 17183 a prime number?
True
Is 655 a prime number?
False
Is 9781 composite?
False
Is 659 a composite number?
False
Is 43711 a prime number?
True
Is 143567 composite?
False
Is 3181 a prime number?
True
Is 502143 a composite number?
True
Is 33343 prime?
True
Is 1458235 a prime number?
False
Is 169189 a prime number?
False
Is 711089 prime?
True
Is 5053 composite?
True
Is 141617 composite?
True
Is 661703 a prime number?
False
Is 103919 a composite number?
False
Is 276817 a composite number?
False
Is 739 a composite number?
False
Is 1694129 composite?
False
Is 296437 a prime number?
True
Is 59513 a composite number?
False
Is 56299 composite?
False
Is 78691 a composite number?
False
Is 398011 composite?
False
Is 3941 a composite number?
True
Is 2719 a prime number?
True
Is 1038698 composite?
True
Is 1537 a prime number?
False
Is 37243 a prime number?
True
Is 245251 a prime number?
True
Is 423457 a composite number?
False
Is 750619 prime?
False
Is 3481 prime?
False
Is 312159 prime?
False
Is 9662 a prime number?
False
Is 17273 prime?
False
Is 72305 a composite number?
True
Is 348685 a composite number?
True
Is 1399 composite?
False
Is 1123 composite?
False
Is 2459 composite?
False
Is 79139 composite?
False
Is 1361 a prime number?
True
Is 98357 a prime number?
False
Is 16301 a prime number?
True
Is 2357 composite?
False
Is 30727 composite?
False
Is 1068287 prime?
False
Is 281419 composite?
False
Is 18397 composite?
False
Is 852802 a prime number?
False
Is 305897 composite?
True
Is 20543 composite?
False
Is 294697 prime?
False
Is 88089 a composite number?
True
Is 474647 prime?
True
Is 12219 a prime number?
False
Is 13067 a prime number?
False
Is 234647 prime?
False
Is 7663 a composite number?
True
Is 54809 a prime number?
False
Is 645179 a prime number?
True
Is 3317819 composite?
True
Is 57895 a composite number?
True
Is 736321 prime?
False
Is 71518 a prime number?
False
Is 1709 a composite number?
False
Is 15817 a composite number?
False
Is 113 a prime number?
True
Is 658033 prime?
False
Is 20609 a composite number?
True
Is 163601 a prime number?
True
Is 371 prime?
False
Is 1669 composite?
False
Is 2446 composite?
True
Is 141257 composite?
False
Is 113279 a composite number?
False
Is 193679 composite?
False
Is 23983 a prime number?
False
Is 177929 a composite number?
False
Is 10427 composite?
False
Is 4083 a prime number?
False
Is 10037 a prime number?
True
Is 915113 composite?
False
Is 9209 composite?
False
Is 9601 a composite number?
False
Is 7991 a prime number?
False
Is 605851 composite?
True
Is 42037 a composite number?
True
Is 10701935 a composite number?
True
Is 9391 prime?
True
Is 331799 prime?
False
Is 14285 a composite number?
True
Is 13397 prime?
True
Is 14485 composite?
True
Is 163811 a composite number?
False
Is 16673 composite?
False
Is 3787 composite?
True
Is 184747 prime?
False
Is 529181 prime?
True
Is 65201 a composite number?
True
Is 1163 prime?
True
Is 488293 a prime number?
False
Is 3803 composite?
False
Is 43913 a composite number?
False
Is 8214577 a composite number?
True
Is 192667 prime?
True
Is 43373 composite?
True
Is 1973 prime?
True
Is 316373 composite?
False
Is 47599 a composite number?
False
Is 10601 a prime number?
True
Is 4083 a prime number?
False
Is 1201 a composite number?
False
Is 40747 prime?
False
Is 283331 a composite number?
True
Is 171971 composite?
True
Is 80159 prime?
False
Is 5614051 a prime number?
True
Is 187043 prime?
True
Is 81349 prime?
True
Is 1215007 a composite number?
True
Is 4873 prime?
False
Is 295 a prime number?
False
Is 1637 a composite number?
False
Is 313073 composite?
True
Is 170879 composite?
True
Is 203755 prime?
False
Is 5501 prime?
True
Is 62593 prime?
False
Is 657743 prime?
True
Is 560393 prime?
True
Is 1369 a composite number?
True
Is 196861 a composite number?
True
Is 1651 prime?
False
Is 3314 a composite number?
True
Is 91229 composite?
False
Is 4143 prime?
False
Is 3189119 composite?
False
Is 4303 a composite number?
True
Is 174599 a prime number?
True
Is 3691 composite?
False
Is 76961 composite?
False
Is 36193 composite?
True
Is 10183 a composite number?
True
Is 18353 prime?
True
Is 153451 composite?
True
Is 19139 a composite number?
False
Is 13397 a prime number?
True
Is 3989 a composite number?
False
Is 14051 prime?
True
Is 1351 composite?
True
Is 6481 prime?
True
Is 1464751 a composite number?
False
Is 10651 composite?
False
Is 17287 a composite number?
True
Is 318881 composite?
False
Is 189643 prime?
True
Is 1936237 prime?
True
Is 304063 a prime number?
True
Is 16145 composite?
True
Is 1924073 a prime number?
False
Is 217 composite?
True
Is 100003 prime?
True
Is 189613 prime?
True
Is 3793 prime?
True
Is 6263 a prime number?
True
Is 11743 a prime number?
True
Is 8557 prime?
False
Is 389661 composite?
True
Is 21863 a prime number?
True
Is 1992301 a prime number?
False
Is 2531 a composite number?
False
Is 907 a composite number?
False
Is 711131 a composite number?
False
Is 397211 prime?
True
Is 20231 composite?
False
Is 1239983 a composite number?
False
Is 93277 prime?
False
Is 595333 a composite number?
False
Is 799966 prime?
False
Is 55103 prime?
True
Is 69691 prime?
True
Is 9841 prime?
False
Is 5079 prime?
False
Is 4127 a composite number?
False
Is 18463 a composite number?
True
Is 90853 a prime number?
False
Is 540079 prime?
True
Is 198409 prime?
True
Is 717229 composite?
False
Is 9005 a composite number?
True
Is 210891 prime?
False
Is 41353 a prime number?
False
Is 48907 prime?
True
Is 7151 composite?
False
Is 86287 a composite number?
False
Is 24809 a composite number?
False
Is 36415 prime?
False
Is 315295 a composite number?
True
Is 21281 composite?
True
Is 4727 a composite number?
True
Is 6637 a prime number?
True
Is 21701 prime?
True
Is 29609 composite?
True
Is 24298 a prime number?
False
Is 287689 prime?
True
Is 26489 a composite number?
False
Is 128803 a composite number?
True
Is 37331 a composite number?
True
Is 50261 a prime number?
True
Is 6953 a prime number?
False
Is 7621 a composite number?
False
Is 52099 a composite number?
True
Is 3449 composite?
False
Is 422 a composite number?
True
Is 4393 prime?
False
Is 1819 a prime number?
False
Is 1594 a prime number?
False
Is 4513 prime?
True
Is 17611 prime?
False
Is 42193 composite?
False
Is 66629 a prime number?
True
Is 443939 prime?
True
Is 1009 composite?
False
Is 103655 a composite number?
True
Is 133153 composite?
False
Is 93957 prime?
False
Is 249481 prime?
False
Is 20297 a composite number?
False
Is 233735 a prime number?
False
Is 9173 composite?
False
Is 1117 composite?
False
Is 962413 a composite number?
False
Is 371942 pri